u = b + 0. What are the prime factors of u?
11
Suppose 0 = -256*r + 261*r - 9035. What are the prime factors of r?
13, 139
Let i be 830 + -1 - (-27)/(-9). What are the prime factors of 22/132 - i/(-12)?
3, 23
List the prime factors of (32426/217)/((-2)/(-42)).
2, 3, 523
Let d be 8/(-12)*3 - 14. Let u = 30 + d. What are the prime factors of u?
2, 7
Let v(r) = 2*r**2 - 29*r + 12. Let f(n) = -n**2 + 15*n - 6. Let k(i) = -11*f(i) - 6*v(i). Let w be k(8). What are the prime factors of 14 - (-1 + w + 1)?
2, 3
Let b(x) = -x + 18. Let w be b(13). Suppose -w*o - 140 = 2*u, -5*u = -4*o + 2*o + 292. What are the prime factors of (7/3 + -3)*u?
2, 5
Suppose -3*d + 5*d + 2 = 0, -4*d = -2*t. What are the prime factors of 728/35 - t/10?
3, 7
Let y = 5314 - 3550. List the prime factors of y.
2, 3, 7
Suppose 2*f = 2260 + 20. What are the prime factors of 16/12*(f/8 - -3)?
2, 97
Let q(r) = 6 + 6*r**2 + r**3 - 2 - 3*r**3 + 3*r**3 - 3*r. Let p = 16 + -22. List the prime factors of q(p).
2, 11
Let f(u) = -4 + 5*u - 4*u - 4 + 7*u. What are the prime factors of f(10)?
2, 3
Suppose p = 2*i - 179, 166 + 189 = 4*i - 5*p. What are the prime factors of i?
2, 3, 5
Suppose -c + 25 = -0*c - 3*x, 3*c + 3*x - 27 = 0. Suppose -4*i - 3*d = -4*d - c, 3*d = -5*i + 12. What are the prime factors of i?
3
Suppose -25*v - 352 = -29*v. Let a = v + -66. List the prime factors of a.
2, 11
Suppose t + 370 - 1615 = -s, -5020 = -4*t + 4*s. What are the prime factors of t?
2, 5
Let r = -2310 - -4282. Suppose -3*j + 9 = -3*x, -4*x - 2*j - 12 = 2*j. What are the prime factors of r/(-51)*x/2?
2, 29
Let o = -70 - -60. List the prime factors of ((-2)/(-2))/(-5) + (-522)/o.
2, 13
Suppose k + 2*g - 34 = 0, -19*k + 17*k - 5*g = -69. List the prime factors of k.
2
Let d = -2695 - -5048. List the prime factors of d.
13, 181
Let b(g) = 34*g - 66. Let a be b(2). Let r = 76 + -34. Suppose a*c = -c + r. List the prime factors of c.
2, 7
Let d(z) be the first derivative of 2*z**3/3 + z**2 + 7. Let o be d(-1). Suppose 3*f - 57 = -o*f. List the prime factors of f.
19
Let n = -4896 - -8309. List the prime factors of n.
3413
Suppose -4*q = -5*z + 166, z - q - 6 = 27. List the prime factors of (z/6)/(7/21).
17
Let r(y) be the first derivative of -y**4/4 + y**3/3 + 7*y**2/2 + 7*y - 11. List the prime factors of r(-4).
59
Suppose -13*w + 10224 = -5*w. What are the prime factors of w?
2, 3, 71
Let y = 114 - -30. List the prime factors of y.
2, 3
Suppose -y - 188 = -5*y. Let u = -4 - -7. Let v = u + y. What are the prime factors of v?
2, 5
Suppose 308 = 10*m - 242. Suppose 7*j + m = 12*j. List the prime factors of j.
11
Let j(i) = 242*i**3 - 5*i + 1. What are the prime factors of j(2)?
41, 47
Let p(c) = 296*c - 24. What are the prime factors of p(5)?
2, 7, 13
Let p(j) = 764*j**2 - 6*j - 5. List the prime factors of p(-1).
3, 5, 17
Suppose 4*g - 3*g - 376 = 0. Suppose -44 = -6*d + g. List the prime factors of d.
2, 5, 7
Suppose 46*r + 13184 = 50*r. What are the prime factors of r?
2, 103
Let q(y) = 299*y + 4. Let d be q(2). Suppose 0 = 3*l - 3*a - 444, -5*l - a = -l - d. List the prime factors of l.
2, 3, 5
Let x(f) = -2*f**2 + 4*f - 4*f - 2*f - 5. Let o be x(-5). Let n = -28 - o. List the prime factors of n.
17
Let f(n) = 575*n - 140. What are the prime factors of f(4)?
2, 3, 5
Let k = 2552 - 1598. List the prime factors of k.
2, 3, 53
Let r(y) = -3*y - 6. Let m = 5 + 0. Let s be ((-2)/1)/(2/m). List the prime factors of r(s).
3
Let h = -42 + 47. Suppose -5*c + 750 = h*c. What are the prime factors of c?
3, 5
Let v(b) = -b. Let m(h) = 2*h + 10. Let k(w) = m(w) + 3*v(w). Let t be k(8). Suppose t*z = 64 - 28. What are the prime factors of z?
2, 3
Suppose -5*c - 2*r = -6507, -2*c + 3500 = 2*r + 896. List the prime factors of c.
1301
Suppose 28*m = 23*m + 4265. What are the prime factors of m?
853
Let w = 26 - 24. Suppose w*h = -5*z + 134, -2*z - 4*h = h - 62. List the prime factors of z.
2, 13
Let v(m) = 3*m - 7. Let f be v(3). Suppose -q = f - 21. Suppose -q*g + 156 = -17*g. What are the prime factors of g?
2, 3, 13
Let d(y) = -80*y**2 - y - 5. Let f(j) = -27*j**2 - 2. Let p(x) = 2*d(x) - 7*f(x). List the prime factors of p(2).
2, 29
Let b = 9609 - 6491. What are the prime factors of b?
2, 1559
Let z(v) = 2*v**2 + 4. Let l be z(3). Suppose -35*p = -32*p - 42. Let u = l - p. List the prime factors of u.
2
Let a(s) = 60*s - 583. What are the prime factors of a(22)?
11, 67
Let h(a) = 37*a**2 - 161*a - 7. What are the prime factors of h(10)?
2083
List the prime factors of (-106414)/231*(-3)/2.
691
Suppose 14 = -4*w + 2. Let h(m) be the third derivative of m**5/15 + m**4/24 - 2*m**3/3 - 2*m**2 + 54. List the prime factors of h(w).
29
Let t(s) = 1568*s**3 - 2*s**2 + 5*s - 2. List the prime factors of t(1).
3, 523
Let b = 195 + -180. What are the prime factors of b?
3, 5
Let p(u) = 3*u + 1. Let q be p(2). What are the prime factors of ((-1 - -1) + -16)*(-56)/q?
2
Suppose 5*b = 246 - 76. Suppose l - 20 = b. List the prime factors of l.
2, 3
Suppose -4*x + n + 10 = 0, -3*n - 2*n = -4*x + 18. Suppose -b - x*b - 2*r = -7, -4*b = -2*r + 14. List the prime factors of (0 + b)*-3 - -17.
2, 5
Suppose -p = -2*p + 6. Let g(n) = 20*n + 8. Let y be g(p). What are the prime factors of (y/(-12))/(2/(-6))?
2
Let h(q) = -16*q**3 - q - 1. Let a be h(-1). List the prime factors of 1539/12 + (-4)/a*1.
2
Suppose -2*n + 4620 = 2*n + 4*c, -4*n = -5*c - 4584. What are the prime factors of n?
1151
Let b be (-18)/(-24) + 2/8. Let z(d) = d**2 - 2*d + 1. Let h be z(b). Suppose h = 4*q - 9 - 7. What are the prime factors of q?
2
Suppose 5*k = -5*b + 27 + 18, 5*k = -4*b + 41. Suppose -10 = 3*o - b*a - 222, -a - 72 = -o. What are the prime factors of o?
2, 19
Let c be -8*(9/12 + -1). Suppose c*b = 3*b - 28. What are the prime factors of b?
2, 7
Let y be (3 - 0 - -2)*2. Suppose 62 = -8*o + y*o. What are the prime factors of o?
31
What are the prime factors of -6*((-75278)/147 + (-3)/42)?
7, 439
Let z(f) be the first derivative of 8*f**2 - 14*f - 10. What are the prime factors of z(5)?
2, 3, 11
Suppose 8*l + 3960 = 3*l. Let u be (l/16)/((-1)/2). Suppose -u = -3*i - 4*h, 0*i = 2*i - 3*h - 49. List the prime factors of i.
29
List the prime factors of (3 + -1)/(0 - -1) - -954.
2, 239
Let m = -2807 + 4245. List the prime factors of m.
2, 719
Let n = -1031 - -1543. What are the prime factors of n?
2
Let h = -30 - -23. Let z(q) = 2*q**2 - 2. List the prime factors of z(h).
2, 3
Suppose -3*o + 4*o - 3 = 0, 5*o + 883 = 2*n. Suppose 2*g - n = 51. List the prime factors of g.
2, 5
Let l(b) = 103*b**2 + 12*b + 44. List the prime factors of l(-4).
2, 3, 137
Suppose -o - 102 = -4*o. Suppose 22 = -3*q - 5*x, x + x + o = -3*q. What are the prime factors of (q/3)/((-16)/120)?
5, 7
Let f(a) = a**3 - a**2 - 8*a + 38. Let d(i) = 6*i + 7. Let s be d(0). What are the prime factors of f(s)?
2, 3, 23
Suppose -t + 331 = -731. List the prime factors of t.
2, 3, 59
Suppose -6030 = 4*w - 19*w. What are the prime factors of w?
2, 3, 67
Let b = -74 - -122. Let m = 90 - b. What are the prime factors of m?
2, 3, 7
Suppose -z + 126 = 3*v, 0 = -2*z + 5*z + 2*v - 364. Let s be ((-1)/(-2))/(2/z). Suppose -5*j - s = -4*u, 10 = 2*u - 2*j - 6. What are the prime factors of u?
2, 5
Let h = 1438 - -32. List the prime factors of h.
2, 3, 5, 7
Let q be 0 + 5*(1 + 2 - 2). Suppose z - 1702 = -q*b, -b - 4*z = -5*b + 1352. What are the prime factors of b?
2, 5, 17
Let y = -15 + 26. Let o = -8 + y. Suppose 8*p + 3*f = o*p + 174, -5*f = p - 26. List the prime factors of p.
2, 3
Let v = 1046 - 554. List the prime factors of v.
2, 3, 41
Let y(q) = 1112*q**2 - 2. List the prime factors of y(1).
2, 3, 5, 37
Let d(i) = i**2 - 5. Suppose 0*m = m + 5. Let v be d(m). Suppose 6*b - v = b. What are the prime factors of b?
2
Suppose 0 = -56*z + 59*z - 2784. What are the prime factors of z?
2, 29
Suppose -3*t = 4*o - 687, -5*t + 0*t = 2*o - 347. What are the prime factors of o?
3, 19
Let z = 12 + 5. Let l = -15 + z. Suppose -l*b + 15 = 5*t - 205, 4*b = 0. What are the prime factors of t?
2, 11
Let i = -138 - -59. Let z = 41 + i. Let t = -20 - z. List the prime factors of t.
2, 3
Suppose -63 = -4*g + y, -5*g + y + 95 = 3*y. Let i = -9 - 17. Let v = g - i. List the prime factors of v.
43
Suppose 29223 + 8711 = 2